{"id":7417,"date":"2022-07-06T15:25:15","date_gmt":"2022-07-06T13:25:15","guid":{"rendered":"https:\/\/www.les-bois.fr\/?post_type=product&#038;p=7417"},"modified":"2025-10-28T10:23:25","modified_gmt":"2025-10-28T09:23:25","slug":"l-etui","status":"publish","type":"product","link":"https:\/\/www.les-bois.fr\/fr\/produit\/l-etui\/","title":{"rendered":"L&#8217;\u00c9TUI &#8211; PORTE SAVON"},"content":{"rendered":"<section class=\"wpb-content-wrapper\"><p>[vc_row full_width=&#8221;stretch_row_content_no_spaces&#8221; parallax=&#8221;content-moving&#8221; parallax_image=&#8221;2877&#8243;][vc_column][\/vc_column][\/vc_row]<\/p>\n<\/section>","protected":false},"excerpt":{"rendered":"<p>Cette boite de transport en li\u00e8ge pr\u00e9serve toutes les qualit\u00e9s de votre soin lavant solide, elle est l\u00e9g\u00e8re et imperm\u00e9able.<\/p>\n","protected":false},"author":2,"featured_media":7437,"comment_status":"open","ping_status":"closed","template":"","meta":{"inline_featured_image":false},"product_cat":[33,57,15],"product_tag":[97],"class_list":["post-7417","product","type-product","status-publish","has-post-thumbnail","hentry","product_cat-hygiene","product_cat-le-voyage","product_cat-uncategorized","product_tag-toasty","layout-style-1","col-md-4 col-sm-4 col-xs-6","product-has-gallery","product-style-default"],"acf":[],"yoast_head":"<!-- This site is optimized with the Yoast SEO plugin v19.13 - https:\/\/yoast.com\/wordpress\/plugins\/seo\/ -->\n<title>L\u2019\u00c9TUI \u2013 Boite de transport &amp; Porte Savon en Li\u00e8ge - Les Bois<\/title>\n<meta name=\"description\" content=\"D\u00e9couvrez notre \u00e9tui de transport pour soins lavants solides, imperm\u00e9able et l\u00e9g\u00e8re - Z\u00e9ro d\u00e9chet, local - Livraison rapide\" \/>\n<meta name=\"robots\" content=\"index, follow, max-snippet:-1, max-image-preview:large, max-video-preview:-1\" \/>\n<link rel=\"canonical\" href=\"https:\/\/www.les-bois.fr\/fr\/produit\/l-etui\/\" \/>\n<meta property=\"og:locale\" content=\"fr_FR\" \/>\n<meta property=\"og:type\" content=\"article\" \/>\n<meta property=\"og:title\" content=\"L\u2019\u00c9TUI \u2013 Boite de transport &amp; Porte Savon en Li\u00e8ge - Les Bois\" \/>\n<meta property=\"og:description\" content=\"D\u00e9couvrez notre \u00e9tui de transport pour soins lavants solides, imperm\u00e9able et l\u00e9g\u00e8re - Z\u00e9ro d\u00e9chet, local - Livraison rapide\" \/>\n<meta property=\"og:url\" content=\"https:\/\/www.les-bois.fr\/fr\/produit\/l-etui\/\" \/>\n<meta property=\"og:site_name\" content=\"Les bois\" \/>\n<meta property=\"article:modified_time\" content=\"2025-10-28T09:23:25+00:00\" \/>\n<meta property=\"og:image\" content=\"https:\/\/www.les-bois.fr\/wp-content\/uploads\/2022\/07\/E\u0301TUI-min-988x1024.png\" \/>\n\t<meta property=\"og:image:width\" content=\"988\" \/>\n\t<meta property=\"og:image:height\" content=\"1024\" \/>\n\t<meta property=\"og:image:type\" content=\"image\/png\" \/>\n<meta name=\"twitter:card\" content=\"summary_large_image\" \/>\n<meta name=\"twitter:label1\" content=\"Dur\u00e9e de lecture estim\u00e9e\" \/>\n\t<meta name=\"twitter:data1\" content=\"1 minute\" \/>\n<script type=\"application\/ld+json\" class=\"yoast-schema-graph\">{\"@context\":\"https:\/\/schema.org\",\"@graph\":[{\"@type\":\"WebPage\",\"@id\":\"https:\/\/www.les-bois.fr\/fr\/produit\/l-etui\/\",\"url\":\"https:\/\/www.les-bois.fr\/fr\/produit\/l-etui\/\",\"name\":\"L\u2019\u00c9TUI \u2013 Boite de transport & Porte Savon en Li\u00e8ge - Les Bois\",\"isPartOf\":{\"@id\":\"https:\/\/www.les-bois.fr\/#website\"},\"datePublished\":\"2022-07-06T13:25:15+00:00\",\"dateModified\":\"2025-10-28T09:23:25+00:00\",\"description\":\"D\u00e9couvrez notre \u00e9tui de transport pour soins lavants solides, imperm\u00e9able et l\u00e9g\u00e8re - Z\u00e9ro d\u00e9chet, local - Livraison rapide\",\"breadcrumb\":{\"@id\":\"https:\/\/www.les-bois.fr\/fr\/produit\/l-etui\/#breadcrumb\"},\"inLanguage\":\"fr-FR\",\"potentialAction\":[{\"@type\":\"ReadAction\",\"target\":[\"https:\/\/www.les-bois.fr\/fr\/produit\/l-etui\/\"]}]},{\"@type\":\"BreadcrumbList\",\"@id\":\"https:\/\/www.les-bois.fr\/fr\/produit\/l-etui\/#breadcrumb\",\"itemListElement\":[{\"@type\":\"ListItem\",\"position\":1,\"name\":\"Home\",\"item\":\"https:\/\/www.les-bois.fr\/fr\/\"},{\"@type\":\"ListItem\",\"position\":2,\"name\":\"Boutique\",\"item\":\"https:\/\/www.les-bois.fr\/fr\/boutique-2\/\"},{\"@type\":\"ListItem\",\"position\":3,\"name\":\"L&#8217;\u00c9TUI &#8211; PORTE SAVON\"}]},{\"@type\":\"WebSite\",\"@id\":\"https:\/\/www.les-bois.fr\/#website\",\"url\":\"https:\/\/www.les-bois.fr\/\",\"name\":\"Les bois\",\"description\":\"Conscious skincare \/ From trees to humankind\",\"potentialAction\":[{\"@type\":\"SearchAction\",\"target\":{\"@type\":\"EntryPoint\",\"urlTemplate\":\"https:\/\/www.les-bois.fr\/?s={search_term_string}\"},\"query-input\":\"required name=search_term_string\"}],\"inLanguage\":\"fr-FR\"}]}<\/script>\n<!-- \/ Yoast SEO plugin. -->","yoast_head_json":{"title":"L\u2019\u00c9TUI \u2013 Boite de transport & Porte Savon en Li\u00e8ge - Les Bois","description":"D\u00e9couvrez notre \u00e9tui de transport pour soins lavants solides, imperm\u00e9able et l\u00e9g\u00e8re - Z\u00e9ro d\u00e9chet, local - Livraison rapide","robots":{"index":"index","follow":"follow","max-snippet":"max-snippet:-1","max-image-preview":"max-image-preview:large","max-video-preview":"max-video-preview:-1"},"canonical":"https:\/\/www.les-bois.fr\/fr\/produit\/l-etui\/","og_locale":"fr_FR","og_type":"article","og_title":"L\u2019\u00c9TUI \u2013 Boite de transport & Porte Savon en Li\u00e8ge - Les Bois","og_description":"D\u00e9couvrez notre \u00e9tui de transport pour soins lavants solides, imperm\u00e9able et l\u00e9g\u00e8re - Z\u00e9ro d\u00e9chet, local - Livraison rapide","og_url":"https:\/\/www.les-bois.fr\/fr\/produit\/l-etui\/","og_site_name":"Les bois","article_modified_time":"2025-10-28T09:23:25+00:00","og_image":[{"width":988,"height":1024,"url":"https:\/\/www.les-bois.fr\/wp-content\/uploads\/2022\/07\/E\u0301TUI-min-988x1024.png","type":"image\/png"}],"twitter_card":"summary_large_image","twitter_misc":{"Dur\u00e9e de lecture estim\u00e9e":"1 minute"},"schema":{"@context":"https:\/\/schema.org","@graph":[{"@type":"WebPage","@id":"https:\/\/www.les-bois.fr\/fr\/produit\/l-etui\/","url":"https:\/\/www.les-bois.fr\/fr\/produit\/l-etui\/","name":"L\u2019\u00c9TUI \u2013 Boite de transport & Porte Savon en Li\u00e8ge - Les Bois","isPartOf":{"@id":"https:\/\/www.les-bois.fr\/#website"},"datePublished":"2022-07-06T13:25:15+00:00","dateModified":"2025-10-28T09:23:25+00:00","description":"D\u00e9couvrez notre \u00e9tui de transport pour soins lavants solides, imperm\u00e9able et l\u00e9g\u00e8re - Z\u00e9ro d\u00e9chet, local - Livraison rapide","breadcrumb":{"@id":"https:\/\/www.les-bois.fr\/fr\/produit\/l-etui\/#breadcrumb"},"inLanguage":"fr-FR","potentialAction":[{"@type":"ReadAction","target":["https:\/\/www.les-bois.fr\/fr\/produit\/l-etui\/"]}]},{"@type":"BreadcrumbList","@id":"https:\/\/www.les-bois.fr\/fr\/produit\/l-etui\/#breadcrumb","itemListElement":[{"@type":"ListItem","position":1,"name":"Home","item":"https:\/\/www.les-bois.fr\/fr\/"},{"@type":"ListItem","position":2,"name":"Boutique","item":"https:\/\/www.les-bois.fr\/fr\/boutique-2\/"},{"@type":"ListItem","position":3,"name":"L&#8217;\u00c9TUI &#8211; PORTE SAVON"}]},{"@type":"WebSite","@id":"https:\/\/www.les-bois.fr\/#website","url":"https:\/\/www.les-bois.fr\/","name":"Les bois","description":"Conscious skincare \/ From trees to humankind","potentialAction":[{"@type":"SearchAction","target":{"@type":"EntryPoint","urlTemplate":"https:\/\/www.les-bois.fr\/?s={search_term_string}"},"query-input":"required name=search_term_string"}],"inLanguage":"fr-FR"}]}},"_links":{"self":[{"href":"https:\/\/www.les-bois.fr\/fr\/wp-json\/wp\/v2\/product\/7417","targetHints":{"allow":["GET"]}}],"collection":[{"href":"https:\/\/www.les-bois.fr\/fr\/wp-json\/wp\/v2\/product"}],"about":[{"href":"https:\/\/www.les-bois.fr\/fr\/wp-json\/wp\/v2\/types\/product"}],"author":[{"embeddable":true,"href":"https:\/\/www.les-bois.fr\/fr\/wp-json\/wp\/v2\/users\/2"}],"replies":[{"embeddable":true,"href":"https:\/\/www.les-bois.fr\/fr\/wp-json\/wp\/v2\/comments?post=7417"}],"wp:featuredmedia":[{"embeddable":true,"href":"https:\/\/www.les-bois.fr\/fr\/wp-json\/wp\/v2\/media\/7437"}],"wp:attachment":[{"href":"https:\/\/www.les-bois.fr\/fr\/wp-json\/wp\/v2\/media?parent=7417"}],"wp:term":[{"taxonomy":"product_cat","embeddable":true,"href":"https:\/\/www.les-bois.fr\/fr\/wp-json\/wp\/v2\/product_cat?post=7417"},{"taxonomy":"product_tag","embeddable":true,"href":"https:\/\/www.les-bois.fr\/fr\/wp-json\/wp\/v2\/product_tag?post=7417"}],"curies":[{"name":"wp","href":"https:\/\/api.w.org\/{rel}","templated":true}]}}

L&#8217;ÉTUI &#8211; PORTE SAVON

<p>Cette boite de transport en liège préserve toutes les qualités de votre soin lavant solide, elle est légère et imperméable.</p>

<!-- This site is optimized with the Yoast SEO plugin v19.13 - https://yoast.com/wordpress/plugins/seo/ -->
<title>L’ÉTUI – Boite de transport &amp; Porte Savon en Liège - Les Bois</title>
<meta name="description" content="Découvrez notre étui de transport pour soins lavants solides, imperméable et légère - Zéro déchet, local - Livraison rapide" />
<meta name="robots" content="index, follow, max-snippet:-1, max-image-preview:large, max-video-preview:-1" />
<link rel="canonical" href="https://www.les-bois.fr/fr/produit/l-etui/" />
<meta property="og:locale" content="fr_FR" />
<meta property="og:type" content="article" />
<meta property="og:title" content="L’ÉTUI – Boite de transport &amp; Porte Savon en Liège - Les Bois" />
<meta property="og:description" content="Découvrez notre étui de transport pour soins lavants solides, imperméable et légère - Zéro déchet, local - Livraison rapide" />
<meta property="og:url" content="https://www.les-bois.fr/fr/produit/l-etui/" />
<meta property="og:site_name" content="Les bois" />
<meta property="article:modified_time" content="2025-10-28T09:23:25+00:00" />
<meta property="og:image" content="https://www.les-bois.fr/wp-content/uploads/2022/07/ÉTUI-min-988x1024.png" />
	<meta property="og:image:width" content="988" />
	<meta property="og:image:height" content="1024" />
	<meta property="og:image:type" content="image/png" />
<meta name="twitter:card" content="summary_large_image" />
<meta name="twitter:label1" content="Durée de lecture estimée" />
	<meta name="twitter:data1" content="1 minute" />
<script type="application/ld+json" class="yoast-schema-graph">{"@context":"https://schema.org","@graph":[{"@type":"WebPage","@id":"https://www.les-bois.fr/fr/produit/l-etui/","url":"https://www.les-bois.fr/fr/produit/l-etui/","name":"L’ÉTUI – Boite de transport & Porte Savon en Liège - Les Bois","isPartOf":{"@id":"https://www.les-bois.fr/#website"},"datePublished":"2022-07-06T13:25:15+00:00","dateModified":"2025-10-28T09:23:25+00:00","description":"Découvrez notre étui de transport pour soins lavants solides, imperméable et légère - Zéro déchet, local - Livraison rapide","breadcrumb":{"@id":"https://www.les-bois.fr/fr/produit/l-etui/#breadcrumb"},"inLanguage":"fr-FR","potentialAction":[{"@type":"ReadAction","target":["https://www.les-bois.fr/fr/produit/l-etui/"]}]},{"@type":"BreadcrumbList","@id":"https://www.les-bois.fr/fr/produit/l-etui/#breadcrumb","itemListElement":[{"@type":"ListItem","position":1,"name":"Home","item":"https://www.les-bois.fr/fr/"},{"@type":"ListItem","position":2,"name":"Boutique","item":"https://www.les-bois.fr/fr/boutique-2/"},{"@type":"ListItem","position":3,"name":"L&#8217;ÉTUI &#8211; PORTE SAVON"}]},{"@type":"WebSite","@id":"https://www.les-bois.fr/#website","url":"https://www.les-bois.fr/","name":"Les bois","description":"Conscious skincare / From trees to humankind","potentialAction":[{"@type":"SearchAction","target":{"@type":"EntryPoint","urlTemplate":"https://www.les-bois.fr/?s={search_term_string}"},"query-input":"required name=search_term_string"}],"inLanguage":"fr-FR"}]}</script>
<!-- / Yoast SEO plugin. -->

L’ÉTUI – Boite de transport & Porte Savon en Liège - Les Bois

Découvrez notre étui de transport pour soins lavants solides, imperméable et légère - Zéro déchet, local - Livraison rapide
